4 - 0 - (36 - 10 - 6).
-16
What is the value of (-2 - 0) + (46 - 40)?
4
-2 + 1 + (-1 + 20 + -5 - 5)
8
What is the value of (3 - -14 - 4) + -8 + 11 + -1?
15
19 + 13 + -15 + 13 + 0 + -5
25
What is (-13 - (15 + -24)) + (1 - -20)?
17
Calculate (3 + 6 - 4) + -2 + 3 + -11.
-5
Evaluate 274 - 287 - (-23 + -3).
13
What is 19 - (19 - 6) - 12?
-6
Calculate -1 + -1 - (0 + 2 - (-339 - -345)).
2
(18 - 44) + 16 - (0 + 1)
-11
Evaluate (50 - -5) + -59 + -1 + -18.
-23
What is the value of -12 - (-20 + 11 + 8)?
-11
Calculate -1 - -14 - 21 - -17 - -32.
41
Calculate (20 - ((6 - -8) + -7)) + -10 + 0.
3
What is the value of -302 + 266 - (-30 - 0)?
-6
What is (-2 + -1 - 2) + (-23 - (-1 - 21))?
-6
Evaluate (-12 - -6 - 3) + 116 + -129.
-22
Calculate 2 + -4 - (-30 - -39) - (1 + 1).
-13
What is the value of -34 + 54 + -7 + -1 - 6?
6
Evaluate -7 + 1 + 2 - 4 - -12.
4
Evaluate 7 - (-28 + 26) - (17 - 1).
-7
What is -223 + 218 + -7 + 5 + (9 - 0)?
2
Calculate -4 - (0 - ((7 - 7) + -2 - -5)).
-1
(-7 - -6) + (0 - 2) + -5
-8
What is -3 + -3 + -4 + 18?
8
What is 3 + -30 + -3 + (98 - 98)?
-30
-11 - 6 - -5 - (-2 + (0 - -5))
-15
Calculate 9 - 1 - ((1 + -6 - 3) + 2).
14
Evaluate 17 - (-3 - (-6 + 2)) - (-19 - -13).
22
What is 76 - 23 - 11 - 48?
-6
Calculate -26 + (-2 - (14 + -37)).
-5
Evaluate (2 - -5) + (-47 - -3) + 55.
18
Evaluate (2 - -1 - 3) + (1 - -1 - -1).
3
What is 8 - (14 - (0 - (-8 - (2 + -8))))?
-4
What is the value of -4 + -19 + 17 - (-1 + -5)?
0
Calculate 2 + (-4 - -9 - -3) + -15.
-5
Evaluate 21 + (-9 - 2) - -4.
14
What is the value of -8 - (-2 - 1) - (-15 - -11 - -10)?
-11
What is 5 + (24 - (40 + -21))?
10
-10 - (-5 + 2 + 8 + -3)
-12
What is the value of 0 + 8 + (13 + -13 + -14 - -20)?
14
Evaluate (-4 - 4) + 9 + -1 + -19.
-19
What is the value of -14 + (6 - -5) + 13?
10
What is the value of 78 + -71 + -1 + -1 + 5?
10
Evaluate (0 - -3 - (-42 - (2 - 33))) + -2.
12
-5 - (47 + -49 + -1 + 9)
-11
What is -5 + -1 + 0 + (-41 - -52)?
5
Evaluate 15 + (-36 - (2 - 27)) - (1 - -6).
-3
Evaluate -33 + (-76 - -71 - ((-14 - -2) + -2)).
-24
What is the value of (17 - (30 - 0)) + 8?
-5
Calculate -11 + 12 + -10 - (13 - 8 - 1).
-13
What is (9 - 1) + (-113 - -118) + 0 + -5?
8
(197 - 156) + (-29 - 8)
4
Calculate 8 + -8 + (-3 + 7 + 11 - -1).
16
What is the value of (7 - ((3 - -1) + (-42 - -46))) + -20?
-21
What is -76 - -76 - (-2 - (-1 + 0))?
1
8 - (-2 - -3) - (228 + -245) - 5
19
What is the value of 7 + (-3 - 0) + 0 + -5?
-1
What is the value of -30 + 49 + (-2 - -8)?
25
Calculate -4 + 2 + -9 - (-23 + 23).
-11
Evaluate 5 - ((9 - 14) + (2 - (1 - 3))).
6
Evaluate 6 + -13 - 0 - (2 - -8).
-17
What is the value of -13 + -10 + (9 - (-2 + -40))?
28
What is 486 - 491 - (2 - (-18 + (5 - 2)))?
-22
73 + -62 - (6 - (0 - -2))
7
What is -10 - (5 - (-11 - -3 - -43))?
20
Calculate (68 - 26) + (0 - -3 - 8) + 2.
39
Evaluate (8 + 1 - 2) + (-49 - -29) + 2.
-11
What is the value of 21 + -5 + -22 - (3 + -4)?
-5
-19 + (9 - (13 - 20))
-3
What is the value of 19 - (27 + (15 - 11))?
-12
Calculate (-8 - -3) + (6 - -2) - 8.
-5
Evaluate 24 + (2 - -4 - (14 - (10 + -7))).
19
-15 - (6 - (19 + -16) - (7 + -1))
-12
Calculate (18 - 11 - 19) + (-19 - -5).
-26
1 + 0 + 55 + -38 + 9
27
Calculate 15 + -4 + (2 - 5) - 10.
-2
Calculate 45 - (46 - (9 - -17)).
25
What is the value of (9 - (5 - 2)) + (-8 - (-11 + -14))?
23
Calculate 25 - 16 - (15 - (-12 + 31)).
13
Calculate (-19 - (9 + -16 + 4) - -8) + 6.
-2
-22 + 0 + (8 - (-9 - -6))
-11
What is the value of (0 - 6 - -14) + -13?
-5
What is the value of (0 + 9 - -3) + (-12 - -11) + -3?
8
Calculate 0 + -14 + 196 + -171.
11
Calculate 2 + 7 + (5 - 8) - 6.
0
Evaluate 4 - (-4 + -3 + 13).
-2
What is the value of 29 - ((-46 - -26) + 10)?
39
What is -17 + (4 - (16 + -34))?
5
Calculate -5 + 1 + 15 + (-2 - (2 - -1)).
6
(17 + -6 - 20) + (-7 - (0 + 0))
-16
Evaluate -18 + 18 + (-1 - (-3 + 4)).
-2
What is 7 - (-6 + 3 + -3 - (-12 + 8))?
9
What is -18 - (7 + -32) - (7 - 1)?
1
Evaluate 8 - (11 + (0 - 3) - (-8 + 13)).
5
What is -8 + (-17 - -22) - (3 - 10 - -5)?
-1
Evaluate 27 - (-8 - (-17 - (11 + -14))).
21
What is -36 - (-56 + 42) - (4 - 2 - 5)?
-19
Evaluate 552 - 574 - (-31 + -1).
10
-1 + (-16 - (-7 - -4) - 4) + -2
-20
What is the value of -1 - -6 - (70 + -62 + (9 - -2))?
-14
What is -7 + 15 - (-2 + 5 - -6)?
-1
What is the value of (-16 + (-10 - -11) - (0 + -8)) + 1?
-6
What is the value of -12 - (0 - 2) - (305 + -329)?
14
What is 1 + 6 + -8 + 4 + -9?
-6
Calculate 16 + (3 - 2 - (-9 + 7)).
19
Evaluate (-11 - -20) + -14 + 8 - 1.
2
What is -6 - (22 + 27 + -65)?
10
17 + (-13 - -29) + -13 + 8
28
What is 9 + -1 + 26 + -31 + (2 - -6)?
11
Calculate -142 - -149 - (9 + 2 + -1).
-3
Evaluate 66 + 0 + (-1559 - -1522).
29
17 + -8 + -3 + -11
-5
Calculate 9 - (10 - (-5 + 13)).
7
Evaluate 20 + 27 + -21 + -39.
-13
What is the value of (0 - -2 - (11 + -5)) + 7 + -13?
-10
Calculate -6 + 11 + -16 + 4 + 4.
-3
6 - (24 + 2 - 0 - (79 + -82))
-23
What is -7 - 1 - (18 + -11)?
-15
Evaluate 6 - (8 + -15) - 29.
-16
Evaluate 2 + (-3 - -8) + (3 - -2).
12
Evaluate -10 + -2 + (-3 - 6) + 9.
-12
0 + 34 - (-279 + 295)
18
What is 8 + -2 + 352 + -374?
-16
What is (-7 - -1 - 1) + (4 - 4) + -2?
-9
What is the value of (-3 - -2 - (-1 + -6)) + 370 + -368?
8
What is -12 - (-5 - 10) - (-3 + 3 - -6)?
-3
(0 - (-3 + 3) - 0) + (47 - 43)
4
Calculate (-291 - -296) + (-2 - -1 - -3).
7
Calculate (-15 - (-10 + 5) - -9) + 15.
14
-38 - ((10 - -25) + -35)
-38
-8 - (-9 - -5 - -13) - (1 + -3)
-15
What is 11 - ((6 - -21) + (-4 - -10))?
-22
What is the value of 100 + -105 + (12 + -2 - -3)?
8
What is (1 - 2 - (4 - -1)) + 40 + -33?
1
Calculate -5 + 0 + -2 - (-44 + 67 - 33).
3
Calculate 26 + -13 + (5 - 8) + 9.
19
63 - (80 + -28) - (5 + -1)
7
Calculate -15 - (-254 - -263 - (-1 - -10)).
-15
What is the value of -6 + -12 + 10 + 9 - (-1 - 10)?
12
Calculate 5 - -1 - ((10 - 6) + 0).
2
Evaluate (-43 - -18) + -3 - (7 + -5).
-30
10 - (11 + -10 - (-6 + 2 + 5))
10
What is the value of 19 + 0 - (-18 + 23) - (0 - -6)?
8
-2 - (3 + -4) - (27 - 18)
-10
1 + -1 + -290 + 295 + -32
-27
What is the value of 12 - (8 + 2 + -16 + 6)?
12
What is the value of (-2 - (7 + 1)) + -55 + 194 + -94?
35
What is the value of (6 - 1 - 16) + 1 + (48 - 23)?
15
(-9 - (-21 - -24)) + 17
5
Calculate -1 + 0 + (-122 - -108).
-15
Calculate (1 - 6) + 5 + (3 - 9) + 8.
2
Evaluate 9 - (17 + 0 + -26).
18
What is (155 - 140) + (3 - -2) + -1?
19
Evaluate -8 + 22 - 21 - (0 - (-1 - -2)).
-6
What is -1 + -10 + -11 + 6 + -4 + 5?
-15
Calculate -39 - (-13 - 36 - -17).
-7
Calculate -3 + (-14 - -24) - -1 - -9.
17
What is (1 - 2) + 7 - (-55 - -10 - -58)?
-7
61 + (-7 - 17) + -17
20
(-2 - -16) + (82 - 84)
12
Evaluate 6 - (3 + -20 + 14).
9
Calculate 4 + (-6 - -15 - (7 - -2)).
4
What is 33 + -1 - (-127 - -159)?
0
-6 - (-2 + -7) - (0 + -4)
7
Evaluate (-35 - -14) + 3 + 33.
15
What is the value of -126 + 139 - (1 + 18)?
-6
Evaluate 28 + (-88 - -30) - -17.
-13
What is (155 + -147 - (0 - -23)) + 31?
16
Calculate -2 + -4 + (0 - 0) - (-47 + 48).
-7
-4 + 3 + -12 + 13 + -6
-6
What is 13 - ((2 - -2) + (-10 - -6))?
13
-28 + 30 + -12 - -8
-2
Calculate 2144 + -2173 - (1 + -10).
-20
What is the value of 13 + (-10 - 18) - -3 - -26?
14
5 + 2 + (-6 - (4 + -2))
-1
What is 14 + (1 - 7) + -9 - -10?
9
Evaluate 8 + -13 + 12 - 3 - (3 + -1).
2
Evaluate 19 - (17 + -10 + 28 + -24).
8
What is the value of -25 - ((-9 - -30) + -39)?
-7
What is 30 - (4 - -10 - 1 - 6)?
23
0 - 1 - (60 - 66)
5
Evaluate (6 - (2 - 22)) + -3.
23
What is the value of 5 + (11 - 15) - (0 + 1 + 13)?
-13
What is the value of -2 - (7 - (6 + -5) - (-6 + 9))?
-5
What is (-10 - 15) + (-2 - -40)?
13
What is -3 - 0 - (-301 + 323)?
-25
What is 4 + -13 + 3 - 1?
-7
Evaluate (-4 - -7) + 9 + (12 - 5) + -3.
16
Evaluate (-24 - 1) + (-10 - -2) + 4 + 3.
-26
Calculate (-21 - (38 + -23)) + 18.
-18
What is the value of -4 - (-14 + -37 - -31)?
16
(1 - 12 - -9) + 16
14
Evaluate (-15 - (-18 + 0 - -2)) + -1 + 8.
8
What is (2 - 13) + (-9 - (-10 + -6))?
-4
Evaluate -12 + 9 + -1 - (-2 + 4 - 2).
-4
What is -20 - 1 - (-19 + 8 - -2)?
-12
Calculate (11 + -15 - (3 - (-3 + 7))) + 4.
1
Evaluate -30 + -12 + -4 - (-1 + -14).
-31
What is the value of -48 + 63 + (2 - 18)?
-1
What is -3 + -3 + 5 - (-7 - 6 - 2)?
14
What is 13 + (-1 - -3) + 12 + -43?
-16
Evaluate 1 + -5 - ((3 - (-6 + 3)) + 11).
-21
Calculate (-12 - 0) + (-16 